-2?
9
Calculate (5 - 1) + (1 - -3) + (1 - 21).
-12
What is -2 - 5 - (4 + -21 + 3 + -9)?
16
What is 33 - (27 + -18) - (0 - -6)?
18
Calculate -8 - (5 - (1 - 0 - -22)).
10
-207 + 164 - (0 - 36)
-7
What is the value of -1 + 3 + -12 - (-63 - -31)?
22
Evaluate -4 + (10 - 2 - 5) + 1.
0
-5 + 2 + (3 - (15 + -6))
-9
What is -4 + 0 - 9 - -5 - (-12 - 23)?
27
Evaluate 22 + -1 - (-122 - -150).
-7
What is (-6 + 0 - (40 - (-6 + 44))) + 4?
-4
What is (5 + 3 - -3 - 3) + 3?
11
-9 - -11 - -5 - ((0 - 1) + -12)
20
What is the value of 41 - (-120 - -150 - (20 + -2))?
29
Evaluate (-14 - (-13 + -10)) + -6 + (2 - -3).
8
Calculate 17 + -31 + (8 - -9).
3
What is the value of 4 - (10 - (7 + 3) - 16)?
20
What is -1029 + 1020 - (-1 - (20 + 0))?
12
What is -9 + (-5 - 1 - (8 + -4))?
-19
What is the value of -4 - -8 - (1 - ((-8 - -4) + -10))?
-11
What is the value of -13 - -47 - 53 - -3?
-16
Evaluate -1 + (2 - 0) - (-15 - -4).
12
Evaluate 2 - (2 - (8 + (1 - 3))) - 16.
-10
What is the value of -46 + 21 - (0 + -10 + 4)?
-19
What is the value of 2 - -7 - (-13 + 23) - (7 - -1)?
-9
Calculate -9 - 48 - -36 - -34.
13
Calculate 17 + -23 + (4 - 12) + 18.
4
What is (17 - -12) + (33 - 46)?
16
Evaluate 23 + 1 - 10 - 0.
14
(-22 - -9) + 16 - (34 + 6)
-37
What is (0 - 3 - (-6 - 3)) + 3?
9
Evaluate (21 - -13) + (2 - 10) - 6.
20
What is -4 - (8 + 3 + -17) - -26?
28
What is (14 + -5 + -3 - 3) + -1?
2
What is the value of -62 - (-34 - -8 - 12)?
-24
Calculate 2 + (127 - 124 - (1 - (1 + 0))).
5
(-27 - -25) + -24 - ((-3 - -6) + -10)
-19
What is (1 - 2 - 1) + 9 - (333 + -327)?
1
What is 23 + (-1 - -20) + -24?
18
What is 23 + (0 - 8) - 10?
5
What is (-1 + -11 - (-14 - -5)) + 1?
-2
11 - (5 + 6 - -10) - (-2 - -1)
-9
Calculate (3 - (-6 - -2) - 5) + (-7 - -4).
-1
Calculate 13 - ((15 + -10 - -5) + -7).
10
(1 + -2 + -2 - (-1 + 14)) + 6
-10
What is the value of -13 + 9 + 7 - -13?
16
What is -4 - -4 - -3 - 13 - (-65 + 64)?
-9
Evaluate (-26 - -11 - -16) + -13.
-12
What is -10 - -6 - (-7 - (8 + -1 + 0))?
10
6 + -1 + -4 - (-14 - (3 + 8))
26
Calculate -45 - -18 - (-9 - 8).
-10
Evaluate (-7 - (-9 - -6)) + 10 + 8 + -4.
10
What is (-464 - -474) + 0 + 4?
14
What is the value of -7 + (-7 - -6 - -16)?
8
4 + (23 - 15) + -3 - 2
7
Calculate 23 + -20 - 13 - -31.
21
What is the value of 40 + -2 + (-25 - -8)?
21
(-2 - -2) + (-42 - -47) + -5
0
4 + (3 + -13 - (-12 + 6))
0
Evaluate 0 + 1 + 1 - (3 - (-24 - -27)).
2
Calculate 22 + (68 + -13 - 40).
37
20 + -21 - (11 - 0) - -8
-4
What is the value of -3 - (20 + 13 + -10 + -7)?
-19
-32 + 30 + (0 - 19)
-21
What is -26 - (-9 + 8 + -11 - -9)?
-23
What is the value of (-1 - -8 - (-8 + -2)) + -5?
12
Evaluate (-6 - (-8 + -12)) + -4.
10
Evaluate (2 - 0) + (-5 - 0) + 23 + -22.
-2
Calculate 1 + -5 - (0 - (-11 - -16)).
1
3 + 4 + (13 - (-15 - -33))
2
Calculate (-2 - 17) + 41 + -62 + 21.
-19
Calculate -12 + (-45 - -12) + 26.
-19
-1 - (7 + (-25 - -8))
9
Calculate 4 - (15 + 12 - (6 + 0)).
-17
What is -16 + (15 - (16 - 16))?
-1
Calculate 1 + (5 - 9) + -7 + 0.
-10
Evaluate 8 - (-17 + 21) - (26 + -2).
-20
What is the value of (3 + -3 - -10) + (-23 - -13)?
0
-1 + (33 + -57 - -27)
2
What is -1 + -7 - (21 - 16) - -35?
22
Evaluate -11 + 35 + (-8 - -3) + -10.
9
What is the value of 3 + 17 + 11 + 2?
33
Evaluate -3 + 0 + (11 + -7 - -1) + -7.
-5
Evaluate -1 + -3 - (-36 - (19 + -52)).
-1
-60 - (-15 - 29) - -4
-12
Evaluate (3 - 7) + -7 + 1 - (41 + -39).
-12
Evaluate -13 - (6 + 2 - 13).
-8
What is the value of -5 + 5 + (-7 - (-8 + 1))?
0
What is -15 - 2 - (5 + -1 + (-8 - 1))?
-12
What is 4 - (-7 + (3 - -10) + -12 + 1)?
9
What is the value of (-18 - -10) + -5 + -4 - -4?
-13
What is the value of -1 + 3 - (-2 - -1) - (-4524 + 4532)?
-5
Calculate (22 - 24) + 0 + (1 - -6) + -17.
-12
Calculate 10 + -31 + 8 + (17 - -4).
8
Calculate -3 - (8 - (-8 - -2 - -8)).
-9
What is -5 - 2 - (9 + 26 + -27)?
-15
Evaluate (-12 + 6 - 2) + 9 - -5.
6
Calculate 55 - (14 - (-54 + 30)).
17
Calculate (6 + -3 + (2 - 0) - 10) + 18.
13
Evaluate -159 + 150 - (-2 - -1 - 0).
-8
Evaluate 15 - 1 - (-23 + 60 + -20).
-3
Evaluate 8 - -1 - (-221 - -216).
14
-10 + -2 + -76 + 37 + 17
-34
Evaluate 6 + (-14 + 8 - 5).
-5
Evaluate 5 - (4 + 5 + -5 + -3 + 4).
0
Evaluate -26 + 15 + 38 + -10.
17
Evaluate -4 - (-28 + 13 + -5).
16
(1 - 2) + 5 + (14 - (27 + -2))
-7
(-11 + 7 - 2 - (-2 + -9)) + -2
3
Calculate (-5 - -19) + -12 + 4 - 3.
3
What is the value of -11 + 16 + (14 - 31)?
-12
What is -25 + 12 + (-9 - -1 - -4)?
-17
What is the value of 11 + 1 + -2 - (-44 - (-136 - -55))?
-27
Calculate 5 - (17 + -46 + 18).
16
What is the value of 29 - (27 - -9) - (-13 - (1 + 1))?
8
Evaluate (-2 - -2) + -27 + (-11 - -41).
3
Calculate -14 + (14 - -10 - -11).
21
What is the value of (-9 + 6 - (5 + -4 + 20)) + -5?
-29
What is the value of -16 + (-16 - -43) - 25?
-14
Evaluate -26 + 5 - -13 - -2 - -13.
7
What is 4 + (7 - -2 - 17 - 7)?
-11
What is (-18 + -9 - -7) + 30?
10
2 + (-11 - -6) - (2 + -28 - -9)
14
What is (134 - 139) + (8 - -6)?
9
-9 + (-3 - (19 - (1 + 11)))
-19
(1 - 8) + -30 + 52 + -27
-12
What is -56 + 51 + 2 + 3 - -8?
8
Calculate -115 - (-157 - -49) - (-43 - (-1 + 1)).
36
What is the value of -16 + (-49 - -60) - ((-4 - 0) + 0)?
-1
What is the value of (4 - (-1 + 1)) + (-21 + 29 - 11)?
1
Evaluate 474 + -485 + (-4 + 1 - 4).
-18
What is -8 + (7 - (0 - -1)) - -3 - 4?
-3
Calculate (-2 - -8) + -33 + 40.
13
What is (-37 - -5) + (1 - -54)?
23
(2 + -7 + 8 - (2 + -1)) + 10
12
What is 17 + 0 + -4 + 7 - -4?
24
-345 + 368 - ((7 - -2) + 2)
12
Evaluate 14 + (-5 + (6 - 3) + 7 - 11).
8
What is 56 + -67 + 4 + 3?
-4
What is -44 - -11 - (-32 - (-31 + 12))?
-20
Calculate -7 - -2 - -1 - (1 - (14 + -8)).
1
What is -18 + 36 + (6 + 3 + -5 - 12)?
10
-1 + (0 - (-3 + 2)) + -2 + 10
8
Evaluate -18 - ((6 - (-5 + 8)) + -11 - 0).
-10
What is 7 + (-47 - (-9 + -10 + 6))?
-27
What is (-4 - -6 - -4) + 15 - 7 - -1?
15
What is -2 + 6 + -2 + -1 + 21?
22
-83 - -36 - (-38 + -24)
15
Evaluate -8 + 4 + 5 + (26 - 37 - -8).
-2
Evaluate -64 + 2 + (82 - 44).
-24
93 - (144 - 58) - (-25 - 0)
32
What is the value of (-19 + 3 - -11) + 26 + -16?
5
Calculate 18 + (-12 - (-12 - 1)) + 2.
21
Evaluate -7 + -14 + -2 + -19 + 21 + 4.
-17
Evaluate -20 - (-22 + -11 + 14).
-1
What is the value of 10 + 3 + 10 + -28?
-5
Evaluate 42 + -8 + (-1 + -10 + 2 - -8).
33
Calculate 7 - 25 - (25 - 23) - -13.
-7
What is 194 + -207 - (-1 - 0)?
-12
(3129 - 3124) + (1 - 15) + -1
-10
What is 10 + (-7 - (10 + 6 - 19))?
6
What is (7 - 25) + (7 - (7 + 4))?
-22
What is the value of -19 - (3 + (15 - 7 - 19)) - -3?
-8
What is (-2 - -1) + (-28 - -25) - (15 - 9)?
-10
5 + -19 - (-16 + 6)
-4
Evaluate (2 - 1) + 7 - (48 + -42).
2
Evaluate -5 + 2 + (-1 - (-3 - (2 + 1))).
2
Evaluate -21 + (11 - (-10 + -17)).
17
2 - 11 - (12 - (12 + -2))
-11
Evaluate (-7 - (10 + -15)) + -5 + 36.
29
What is (-5 - 4) + 33 + -29?
-5
Evaluate (8 - (-12 - -36)) + -2 + -4.
-22
Calculate -13 + 3 + -4 + 29 + -25.
-10
Calculate (1 - -20 - (-313 + 330)) + (0 - -14).
18
Calculate 25 + -6 + -13 - 10.
-4
Evaluate 5 - (-6 + 1 + (-21 - -16)).
15
19 + (7 + -10 - 18)
-2
7 - ((35 - 18) + -1)
-9
-9 + 6 + (-3 - 1) + -21 + 20
-8
Calculate 1 + (-11 - -18) - ((-3 - 0) + 1).
10
Calculate (-361 - -353) + 0 + -1 + 18.
9
What is -13 + (20 - -23) + -14?
16
Calculate -5 + (6 - (2 - 4) - -10).
13
Evaluate 176 - 157 - (14 + 3).
2
-133 + 149 + 7 + 6 + 2
31
What is the value of 20 + -7 + -1 - (8 - -8)?
-4
What is ((-12 - -16) + -1 - 15) + (2 - -1)?
-9
What is 0 + -6 + (-6 - -6) - 14?
-20
Evaluate -13 - 11 - (-10 - -3).
-17
What is (7 - 11) + 9 + -10 + 3 + 17?
15
5 + 17 - ((-1 - -19) + -20)
24
What is 0 + -3 + (12 - 18 - -10) + 0?
1
-6 + -22 - (23 - 47)
-4
Calculate -17 + (-14 - -19) + -10.
-22
What is 0 - (8 + (-3 - 18))?
13
What is the value of -5 + (-5 + -3 - -16)?
3
Calculate 2 - (3 - 3 - (8 + -10)).
0
What is -44 + (-11 - -12 - -26)?
-17
Evaluate 2 + -13 - (25 + -73 - -46).
-9
Calculate 22 + 6 + 1 + (-260 - -252).
21
What is the value of (16 - 3 - 1 - 2) + (1 - 1)?
10
Calculate 30 - ((-4 - -20) + -1).
15
What is -29 - (4 - 3) - 10 - (-13 - -10)?
-37
What is the value of (-4 - (-10 - -2)) + 0 - (-7 + 6)?
5
9 + 29 + -67 + 45
16
Evaluate 22 + (-23 - -7) - 34.
-28
Evaluate 34 - 52 - (2 - 13).
-7
Evaluate 4 + 2 - 6 - (-5 + -2).
7
-9 + 35 - 47 - -6
-15
Calculate (15 + -19 - (-1 - 13)) + 0.
10
What is the value of 